 = 0. Is c prime?
True
Let i(o) be the first derivative of 91*o**4/4 - 11*o**3/3 + 31*o**2/2 + 5*o - 48. Is i(4) composite?
True
Let l(r) = -r + 11. Let a be l(9). Let c be (0 - a)*(2 - (-12)/(-8)). Is -2*(c - 7293/(-12))*-2 composite?
True
Let j be (2 + 4/(-2))/((-10)/(-5)). Suppose 2*k - 5*p - 7198 = -j*k, 4*k - 3*p = 14424. Suppose 3*m + 3*v = k, -3*v = m - 511 - 684. Is m a prime number?
False
Suppose -3*d + 2157 = -2*t - 3118, -4*d - 4*t + 7020 = 0. Let x be 21/14 - d/(-2). Let a = -207 + x. Is a composite?
False
Let i be (1/2)/((-4)/8). Let u be i/(4/(-300)*3). Let d = u - -6. Is d a composite number?
False
Let l(z) = 7*z + 200. Let m be l(-29). Is m + 6 + (125344/4 - -6) composite?
True
Let c(j) be the second derivative of j**5/60 - j**4 + 77*j**3/6 - 19*j**2/2 + 12*j. Let u(k) be the first derivative of c(k). Is u(22) composite?
True
Let g be (900008/(-10))/(-4 - (-54)/15). Is 32/(-304) + g/38 a composite number?
True
Suppose 0 = 6*k - 67256 + 3437 - 54627. Is k a prime number?
False
Let z(j) = -4779*j - 472. Let y(g) = 478*g + 47. Let v(q) = 59*y(q) + 6*z(q). Is v(-6) composite?
True
Suppose -4*j + 0*j = -k - 189, 0 = 3*k - 4*j + 575. Let t = -42 - -849. Let q = k + t. Is q a composite number?
True
Suppose 22*q - 1236 = 612. Let k be (6/8)/(3/(-12)). Is (692/k)/((-56)/q) composite?
True
Suppose f - 3*p = -7, -f - 3*f + p + 5 = 0. Suppose -f*a + 58680 = 3*a. Suppose -2*q - 2*t = 3416 - 9274, -4*q = -t - a. Is q a composite number?
True
Suppose 5*d + 5*t = 4485, 5*d + 96*t = 94*t + 4479. Suppose 5*y - d = -3*s + 11808, -s = 3*y - 4229. Is s composite?
False
Suppose -18*p + 211405 = 59*p - 8738. Is p prime?
False
Suppose -2*o + 11*o = 693. Suppose o*u = 76*u + 9527. Is u composite?
True
Let n be (-10)/35 - 2/(-7). Suppose 8733 = 5*x + 3*f, 4*x - f = -n*f + 7000. Suppose 9*r + x = 12*r. Is r composite?
True
Let m(l) = -1299*l + 50. Let f(c) = -c - 1. Let b(s) = 5*f(s) + m(s). Is b(-4) composite?
False
Suppose -597834 = -2*z + 4*d, -z + 298913 = -17*d + 16*d. Is z composite?
True
Let o(y) = y + 12. Let g be o(-1). Let h(r) = 456*r - 79. Is h(g) prime?
True
Is 4312318*(-10)/(-140) - (3 - (-46)/(-14)) composite?
True
Let o(t) = -t + 2. Let q be o(4). Is q/6 + 16952/78 composite?
True
Let q(m) = -50825*m + 13371. Is q(-10) a prime number?
False
Suppose -1465 = 25*n + 1235. Let l = 93 - n. Is l composite?
True
Is (-396)/231 + (-2)/7 + 244909 prime?
False
Let u(r) be the second derivative of -701*r**3/6 - 351*r - 1. Let s = -1 + 0. Is u(s) prime?
True
Let o(y) = 68*y**2 - 5*y + 4. Let n be o(5). Suppose 0 = -3*x - n + 11735. Let p = -1181 + x. Is p composite?
True
Let i = 107875 + 692356. Is i prime?
True
Let l(h) = 167*h**3 - 32*h**2 + 88*h - 3. Is l(8) composite?
True
Suppose 0 = -3*g - 2*z - 6, 0 = 5*g + 4*z + 6 + 6. Let a = -59 + 138. Let w = a + g. Is w prime?
True
Suppose 13*f + 28*f - 7338385 = 0. Is f a composite number?
True
Let h be -2*636*4/(-6). Suppose -5*t = -0*t - 4*o - 2103, 5*o = 2*t - h. Is t*(0 + (4 - 3)) a composite number?
False
Let z = -447 + 457. Let r(y) = 671*y + 95. Is r(z) a composite number?
True
Let c(u) = 632*u**2 - 79*u + 418. Is c(5) prime?
True
Let f be (-5)/20*(-2 - -6). Let q(w) = 1341*w**2 - 3*w - 2. Let l be q(f). Let s = -801 + l. Is s prime?
True
Suppose 2640 = -22*t + 1925594. Is t a prime number?
True
Suppose 46*z + 303284 = 50*z. Is z prime?
True
Let v(n) = -n**2 + 5*n + 8. Let l be v(6). Suppose 0 = -4*d + x + 40084, -d - l*d + 4*x + 30076 = 0. Suppose 6*s = -1854 + d. Is s a prime number?
True
Suppose -12*y = 40966 + 35774. Let c = 11350 + y. Is c prime?
False
Suppose -690385 = 112*i - 1892083 - 1383374. Is i a prime number?
True
Let u be ((-1)/2)/((10/(-8))/(-5)). Is (6 - (-2805650)/70) + u/(-7) a composite number?
False
Suppose 15*y - 11*y - 46*y = -56283654. Is y prime?
False
Suppose 91403 = 2*j - b, -228509 = -89*j + 84*j + 2*b. Is j prime?
False
Suppose 25 - 6 = h - 2*w, 2*w = -4*h + 96. Is 3 - (-2*h)/((-6)/(-138)) a composite number?
False
Let r = 1926 - 8865. Let a = -3424 - r. Suppose 37*k = 32*k + a. Is k composite?
True
Let u(y) = 34 + 351*y + 272*y + 103. Is u(12) a composite number?
True
Let p = -50 + 54. Let l be (1/3)/(p*1/12). Suppose c - l = 3, d = c + 173. Is d a composite number?
True
Let p(c) = -c**2 - 13*c - 30. Let w be p(-10). Suppose w = -3*g + 6*g - 492. Is -2 + (g - 4/((-16)/(-12))) a prime number?
False
Let s = 7781 + 4127. Suppose 11908 = 4*x - 2*l + 7*l, -3*l = 4*x - s. Suppose 3*c + 4*k - x = 0, 2*k + 0*k - 2 = 0. Is c a composite number?
False
Suppose 26*c = 32*c - 48. Suppose -c*y = -36568 - 15424. Is y a prime number?
False
Let o(p) = 554*p**2 - 59*p - 589. Is o(-11) prime?
False
Is -130 + 111 + (-511104)/(-1) prime?
False
Suppose 50*l - 42*l = -112. Is (l + 11)*(-1623)/9 a prime number?
True
Suppose -831 = -3*g + 10*a - 12*a, 5*a - 1385 = -5*g. Suppose k = 3*k. Suppose k = 3*o + 2*p - 263, -o - 2*o + 5*p = -g. Is o a prime number?
True
Let o be (-1 - -2) + 0 - (0 - 1). Suppose 2*v - o*g - 20 = 2*g, -3*v - 4*g = 20. Suppose -s + 1535 = 5*l - 2*s, l + 4*s - 307 = v. Is l a prime number?
True
Suppose 4*x - t - 34129 = 0, 4*t - 772 + 17854 = 2*x. Suppose 64553 = 6*j + x. Is j a prime number?
True
Let s = -905097 + 173659. Is (3/(-2))/(87/s) composite?
False
Let z be 1 - (-97 + 1)/2. Suppose p - d = -2*p + 71, -2*p + z = -d. Is p*(-1)/(-2) - 1 composite?
True
Suppose 3787659 - 1128108 = 4*a + 5*p, 3*a - 3*p - 1994616 = 0. Is a composite?
False
Suppose 10119856 = 57*m - 5452031. Is m prime?
False
Suppose -12*k - 264 - 2674 = 2570. Suppose -2028 = -0*z + 3*z. Let f = k - z. Is f a prime number?
False
Let q be ((-3)/2)/3 + 275171/(-122). Is -6 - (1 + (-1 - 3)) - q a prime number?
False
Let z be 4*(-4 + (-98175)/28). Let v = -7922 - z. Is v a composite number?
True
Suppose -37416172 - 52881767 = -303*s. Is s prime?
True
Let a(o) be the first derivative of 7 - 5*o - 11*o - 47*o**2 + 1 + 3*o. Is a(-8) composite?
False
Is 3/1 + 1 - 69/46*-110846 composite?
False
Let l(w) = 32*w**2 + 2669*w + 71. Is l(-85) composite?
True
Suppose 40*l - 23654172 + 3595732 = 0. Is l prime?
False
Suppose 7*n - 4*n + 81 = 0. Let v be n - -29 - (-1)/((-1)/(-3)). Suppose 0 = -4*b + 3*l + 63, 0 = -v*b - 0*b + 3*l + 78. Is b a composite number?
True
Let h = -7 - -19. Suppose -3*c = 2*b - 33 - h, 2*b - 40 = -2*c. Is (-60)/b - 5*-43 a prime number?
True
Let i = 10762 - 7193. Is i composite?
True
Suppose z - 3*z - 2*r - 14 = 0, 4*z + 30 = -5*r. Let k(q) = -188*q - 4. Let b(f) = -188*f - 3. Let s(m) = z*b(m) + 6*k(m). Is s(-6) a prime number?
False
Suppose 2639 - 51583 = 8*p. Let k = p + 10515. Is k composite?
False
Let y = 659 - -274. Let v = y + -236. Is v a prime number?
False
Suppose o + 72 = 73, 0 = 3*d + 5*o - 32. Let g(b) = -6*b + 24*b + 5*b + 46. Is g(d) composite?
True
Let w(d) = 220*d - 15 + 20 - 18. Suppose 4*z + g - 21 = 0, g - 5*g = -5*z + 21. Is w(z) a composite number?
False
Let z(a) = -a**2 - 16*a - 37. Let u be z(-18). Let m = u - 101. Is (3824/(-64))/(-2 - m/88) a prime number?
False
Let z(i) be the second derivative of -11*i**4/12 - 11*i**3/2 - 15*i**2 + 2*i. Let v(a) be the first derivative of z(a). Is v(-17) composite?
True
Let o be (-156)/117*14034/(-8). Let f = 1108 - -818. Let p = f + o. Is p a prime number?
False
Let j = -277799 + 553578. Is j a composite number?
True
Let y = 592 - 585. Let g(b) = 249*b**2 + 23*b - 19. Is g(y) a prime number?
True
Suppose -6*q - 246 = -0*q. Let b = q + 45. Suppose 0 = -3*z - 3*f + 3192, z - 3*z - b*f + 2122 = 0. Is z a prime number?
False
Suppose 842578 = -16147*c + 16169*c. Is c prime?
True
Let a = 65660 + 384527. Is a a composite number?
True
Let p(z) = -92*z**3 - 2*z**2 - 13*z - 1. Let f be p(3). Let o = 3855 + f. Is o prime?
False
Let r(c) = 18865*c**2 + 71*c - 53. Is r(6) composite?
True
Let d(u) = -6*u - 23. Let s be d(-5). Suppose s*j = -11*j + 371286. Is j composite?
False
Let r(d) = d**3 - 29*d**2 - 31*d + 58. Let z be r(30). Suppose 0 = z*i - 131522 - 117482. Is i a prime number?
True
Is (7/((-14)/(-4)))/(16/825368) composite?
False
Let y(b) = 10304*b + 1853. Is y(27) a composite number?
False
Suppose -16*h + 13*h - 4306423 = -4*b, 0 = 2*h - 14. Is b composite?
False
Is (14/(-8) - 921508275/516)*-2 composite?
False
Let w(y) = -387*y**2 